4309?
333
What is the highest common factor of 488 and 504?
8
Calculate the greatest common factor of 105525 and 875.
175
What is the highest common divisor of 231 and 172689?
33
What is the highest common factor of 471 and 192?
3
What is the greatest common factor of 18 and 1056?
6
What is the highest common divisor of 7831 and 94177?
41
What is the highest common factor of 173136 and 1092?
12
Calculate the greatest common divisor of 16214 and 536.
134
Calculate the highest common divisor of 255035 and 55.
55
Calculate the highest common factor of 153 and 627147.
153
What is the highest common factor of 6 and 47354?
2
What is the greatest common divisor of 261 and 981?
9
What is the greatest common factor of 11820 and 4908?
12
Calculate the highest common divisor of 120510 and 126.
18
Calculate the greatest common factor of 27140 and 1340.
20
What is the highest common divisor of 3262 and 56?
14
What is the highest common divisor of 88631 and 1011?
337
Calculate the greatest common divisor of 6921 and 324.
9
Calculate the highest common factor of 248 and 75268.
124
Calculate the highest common factor of 4270 and 13930.
70
What is the highest common divisor of 1519 and 1457?
31
Calculate the highest common factor of 16193958 and 44.
22
Calculate the highest common divisor of 3087 and 5978.
49
Calculate the highest common divisor of 895531 and 2028.
169
What is the highest common divisor of 203 and 204827?
203
What is the highest common factor of 35619 and 837?
93
Calculate the greatest common divisor of 7 and 391307.
7
What is the greatest common divisor of 732 and 13056?
12
What is the greatest common divisor of 2 and 29302?
2
Calculate the greatest common factor of 114 and 67526.
38
Calculate the highest common divisor of 39650 and 611.
13
Calculate the highest common divisor of 31 and 16156.
1
What is the highest common factor of 62405 and 70?
35
Calculate the highest common divisor of 13394 and 9050.
362
Calculate the greatest common factor of 15557 and 10951.
47
Calculate the highest common divisor of 154122 and 102.
102
What is the greatest common factor of 1200835 and 185?
185
Calculate the highest common factor of 6610 and 40.
10
Calculate the greatest common divisor of 332 and 176.
4
Calculate the highest common divisor of 1713 and 6606.
3
Calculate the greatest common factor of 325 and 120875.
25
What is the highest common divisor of 245230 and 104120?
1370
Calculate the highest common divisor of 3025 and 155485.
605
What is the highest common factor of 879573 and 123?
123
Calculate the greatest common factor of 40950 and 135954.
1638
What is the highest common factor of 385999 and 53?
53
What is the highest common factor of 2944 and 7?
1
Calculate the greatest common divisor of 3982 and 418.
22
Calculate the highest common divisor of 166278 and 444.
222
What is the highest common factor of 1876 and 21?
7
Calculate the greatest common divisor of 5975 and 72178.
239
Calculate the greatest common divisor of 40716 and 9.
9
What is the greatest common divisor of 40218 and 186?
6
What is the highest common divisor of 17085 and 2805?
255
Calculate the greatest common factor of 1811876 and 132.
44
Calculate the greatest common factor of 17346 and 396312.
294
What is the greatest common factor of 63729 and 93411?
873
What is the highest common factor of 2425 and 105536?
97
Calculate the highest common divisor of 2183 and 8288.
37
What is the greatest common divisor of 12425 and 1120?
35
Calculate the greatest common factor of 847 and 9289.
7
Calculate the greatest common factor of 152 and 85956.
76
What is the highest common divisor of 5410 and 70?
10
Calculate the highest common divisor of 22 and 1423444.
22
Calculate the greatest common divisor of 21 and 968352.
21
Calculate the highest common factor of 4 and 198.
2
What is the greatest common divisor of 174 and 29696?
58
What is the highest common divisor of 25350 and 1920?
30
What is the highest common divisor of 302945 and 10?
5
What is the highest common factor of 96594 and 204?
102
What is the highest common divisor of 1535 and 35?
5
What is the highest common factor of 73390 and 20?
10
Calculate the greatest common factor of 7 and 4405898.
7
Calculate the greatest common divisor of 8279 and 19967.
487
Calculate the greatest common divisor of 16042 and 2795.
13
Calculate the greatest common factor of 443113 and 11.
11
What is the greatest common divisor of 242 and 814?
22
What is the highest common divisor of 14 and 96313?
7
Calculate the greatest common factor of 25 and 139985.
5
What is the highest common factor of 986 and 23026?
58
What is the highest common factor of 58 and 108866?
58
Calculate the greatest common factor of 4 and 66596.
4
Calculate the greatest common divisor of 7073714 and 463.
463
Calculate the greatest common divisor of 30558 and 462.
66
Calculate the highest common divisor of 156 and 2066844.
156
Calculate the highest common factor of 96176 and 80.
16
Calculate the greatest common divisor of 2112 and 1848.
264
Calculate the greatest common factor of 2782 and 26923.
13
Calculate the highest common divisor of 132873 and 468.
39
What is the greatest common divisor of 7059906 and 19?
19
Calculate the highest common factor of 22065 and 15.
15
Calculate the highest common factor of 8752 and 592.
16
What is the greatest common divisor of 387 and 5771331?
387
What is the highest common factor of 9445 and 3290638?
1889
Calculate the highest common factor of 158004 and 44289.
1197
What is the highest common factor of 192 and 48448?
64
Calculate the greatest common factor of 6330 and 602194.
422
What is the greatest common divisor of 28 and 39466?
14
Calculate the highest common divisor of 34 and 757231.
17
Calculate the highest common factor of 171410 and 305.
305
Calculate the greatest common divisor of 133329 and 1666.
49
What is the highest common divisor of 1920880 and 520?
520
Calculate the highest common divisor of 9 and 965655.
9
Calculate the highest common factor of 73472 and 902.
82
Calculate the highest common factor of 7936 and 6400.
256
What is the highest common divisor of 22 and 177397?
11
What is the greatest common divisor of 13419 and 2079?
189
What is the highest common factor of 390 and 166455?
15
Calculate the greatest common divisor of 5372 and 19592.
316
What is the greatest common factor of 7392 and 143088?
528
What is the greatest common factor of 3845 and 25?
5
Calculate the greatest common factor of 16592 and 29104.
272
Calculate the highest common divisor of 45 and 5450415.
15
Calculate the highest common divisor of 4426321 and 1346.
673
Calculate the greatest common factor of 670 and 12998.
134
Calculate the greatest common factor of 2171 and 27221.
167
What is the greatest common factor of 5340 and 3?
3
Calculate the highest common factor of 165 and 7205.
55
What is the greatest common divisor of 688 and 46096?
688
What is the highest common factor of 1050 and 132125?
175
What is the highest common divisor of 1362 and 5598?
6
Calculate the greatest common divisor of 1372 and 21.
7
What is the greatest common factor of 107562 and 42?
42
Calculate the highest common factor of 17999 and 149699.
439
Calculate the greatest common factor of 192 and 15600.
48
Calculate the highest common divisor of 280370 and 212.
106
What is the greatest common factor of 10125 and 1575?
225
Calculate the highest common divisor of 140 and 18872.
28
What is the greatest common divisor of 105 and 339375?
15
Calculate the greatest common factor of 2864 and 94870.
358
What is the highest common divisor of 6525 and 8976225?
2175
What is the highest common factor of 11640 and 360?
120
What is the greatest common divisor of 5432 and 295008?
56
What is the greatest common factor of 230 and 93380?
230
What is the greatest common factor of 98084 and 1356?
452
Calculate the highest common divisor of 28948 and 68.
4
What is the highest common divisor of 165840 and 240?
240
Calculate the greatest common divisor of 32 and 199.
1
Calculate the highest common divisor of 64155 and 234.
39
What is the greatest common divisor of 1095 and 60405?
15
What is the greatest common factor of 543 and 11584?
181
Calculate the greatest common divisor of 1046 and 190895.
523
What is the g